e factors of 2058?
2, 3, 7
What are the prime factors of 1073?
29, 37
List the prime factors of 1067.
11, 97
What are the prime factors of 1000?
2, 5
List the prime factors of 377.
13, 29
What are the prime factors of 145?
5, 29
List the prime factors of 11080.
2, 5, 277
What are the prime factors of 805?
5, 7, 23
What are the prime factors of 692?
2, 173
What are the prime factors of 2433?
3, 811
List the prime factors of 9671.
19, 509
List the prime factors of 3589.
37, 97
What are the prime factors of 7453?
29, 257
List the prime factors of 158512.
2, 9907
What are the prime factors of 8114?
2, 4057
List the prime factors of 1865.
5, 373
List the prime factors of 962.
2, 13, 37
List the prime factors of 41478.
2, 3, 31, 223
List the prime factors of 33053.
33053
What are the prime factors of 43979?
13, 17, 199
List the prime factors of 1041.
3, 347
What are the prime factors of 3263?
13, 251
List the prime factors of 26769.
3, 8923
What are the prime factors of 334?
2, 167
List the prime factors of 3936.
2, 3, 41
List the prime factors of 44140.
2, 5, 2207
What are the prime factors of 2267?
2267
List the prime factors of 3650.
2, 5, 73
What are the prime factors of 4597?
4597
What are the prime factors of 18113?
59, 307
List the prime factors of 12904.
2, 1613
List the prime factors of 10269.
3, 7, 163
What are the prime factors of 960?
2, 3, 5
What are the prime factors of 339?
3, 113
What are the prime factors of 930?
2, 3, 5, 31
What are the prime factors of 44?
2, 11
What are the prime factors of 88731?
3, 9859
What are the prime factors of 260?
2, 5, 13
What are the prime factors of 1363?
29, 47
List the prime factors of 623.
7, 89
What are the prime factors of 2360?
2, 5, 59
What are the prime factors of 178?
2, 89
List the prime factors of 107122.
2, 19, 2819
What are the prime factors of 16588?
2, 11, 13, 29
What are the prime factors of 1424?
2, 89
What are the prime factors of 1144?
2, 11, 13
What are the prime factors of 228?
2, 3, 19
List the prime factors of 4903.
4903
List the prime factors of 73559.
17, 4327
What are the prime factors of 1846?
2, 13, 71
What are the prime factors of 10257?
3, 13, 263
List the prime factors of 5294.
2, 2647
What are the prime factors of 929?
929
What are the prime factors of 108144?
2, 3, 751
What are the prime factors of 3023?
3023
List the prime factors of 7929.
3, 881
List the prime factors of 1401.
3, 467
What are the prime factors of 5380?
2, 5, 269
List the prime factors of 8573.
8573
What are the prime factors of 18077?
18077
What are the prime factors of 13465?
5, 2693
List the prime factors of 1636.
2, 409
What are the prime factors of 51707?
29, 1783
What are the prime factors of 48715?
5, 9743
What are the prime factors of 1291?
1291
List the prime factors of 40261.
13, 19, 163
List the prime factors of 1334.
2, 23, 29
What are the prime factors of 88611?
3, 29537
What are the prime factors of 1564?
2, 17, 23
What are the prime factors of 63557?
13, 4889
What are the prime factors of 6017?
11, 547
List the prime factors of 3394.
2, 1697
List the prime factors of 35041.
67, 523
List the prime factors of 35451.
3, 13, 101
What are the prime factors of 31472?
2, 7, 281
List the prime factors of 540.
2, 3, 5
List the prime factors of 1071.
3, 7, 17
What are the prime factors of 3442?
2, 1721
List the prime factors of 3046.
2, 1523
What are the prime factors of 5658?
2, 3, 23, 41
What are the prime factors of 3097?
19, 163
List the prime factors of 140520.
2, 3, 5, 1171
List the prime factors of 21507.
3, 67, 107
What are the prime factors of 35843?
73, 491
List the prime factors of 2346.
2, 3, 17, 23
List the prime factors of 7200.
2, 3, 5
List the prime factors of 1482.
2, 3, 13, 19
List the prime factors of 21913.
17, 1289
What are the prime factors of 12798?
2, 3, 79
What are the prime factors of 4347?
3, 7, 23
List the prime factors of 1452.
2, 3, 11
What are the prime factors of 18318?
2, 3, 43, 71
List the prime factors of 246.
2, 3, 41
What are the prime factors of 1399?
1399
List the prime factors of 109018.
2, 7, 13, 599
List the prime factors of 1098.
2, 3, 61
What are the prime factors of 5442?
2, 3, 907
What are the prime factors of 3633?
3, 7, 173
List the prime factors of 18167.
37, 491
List the prime factors of 7034.
2, 3517
What are the prime factors of 2584?
2, 17, 19
What are the prime factors of 710?
2, 5, 71
What are the prime factors of 322?
2, 7, 23
List the prime factors of 1313.
13, 101
What are the prime factors of 42784?
2, 7, 191
What are the prime factors of 8844?
2, 3, 11, 67
What are the prime factors of 3288?
2, 3, 137
List the prime factors of 464.
2, 29
List the prime factors of 375.
3, 5
What are the prime factors of 1737?
3, 193
What are the prime factors of 12359?
17, 727
List the prime factors of 57670.
2, 5, 73, 79
List the prime factors of 13226.
2, 17, 389
What are the prime factors of 17753?
41, 433
What are the prime factors of 3035?
5, 607
List the prime factors of 509.
509
List the prime factors of 3573.
3, 397
List the prime factors of 428.
2, 107
What are the prime factors of 1745?
5, 349
What are the prime factors of 9283?
9283
List the prime factors of 7266.
2, 3, 7, 173
What are the prime factors of 4169?
11, 379
What are the prime factors of 2749?
2749
List the prime factors of 3660.
2, 3, 5, 61
What are the prime factors of 32969?
32969
What are the prime factors of 44497?
44497
List the prime factors of 1909.
23, 83
List the prime factors of 192.
2, 3
List the prime factors of 372.
2, 3, 31
List the prime factors of 1394.
2, 17, 41
What are the prime factors of 2649?
3, 883
What are the prime factors of 42295?
5, 11, 769
What are the prime factors of 15614?
2, 37, 211
What are the prime factors of 1836?
2, 3, 17
What are the prime factors of 10692?
2, 3, 11
What are the prime factors of 1244?
2, 311
What are the prime factors of 496?
2, 31
List the prime factors of 4372.
2, 1093
What are the prime factors of 99036?
2, 3, 7, 131
List the prime factors of 628.
2, 157
List the prime factors of 27322.
2, 19, 719
List the prime factors of 1571.
1571
What are the prime factors of 44652?
2, 3, 61
What are the prime factors of 1571?
1571
List the prime factors of 3812.
2, 953
What are the prime factors of 2730?
2, 3, 5, 7, 13
List the prime factors of 6419.
7, 131
List the prime factors of 3404.
2, 23, 37
What are the prime factors of 12093?
3, 29, 139
What are the prime factors of 638?
2, 11, 29
List the prime factors of 4768.
2, 149
List the prime factors of 22014.
2, 3, 1223
What are the prime factors of 23698?
2, 17, 41
List the prime factors of 538.
2, 269
What are the prime factors of 92634?
2, 3, 15439
What are the prime factors of 2632?
2, 7, 47
List the prime factors of 63286.
2, 31643
List the prime factors of 891.
3, 11
What are the prime factors of 107?
107
What are the prime factors of 99?
3, 11
List the prime factors of 18079.
101, 179
What are the prime factors of 1985?
5, 397
What are the prime factors of 6697?
37, 181
What are the prime factors of 112431?
3, 11, 3407
List the prime factors of 950.
2, 5, 19
What are the prime factors of 14331?
3, 17, 281
What are the prime factors of 906?
2, 3, 151
What are the prime factors of 24135?
3, 5, 1609
List the prime factors of 5692.
2, 1423
What are the prime factors of 172383?
3, 37, 1553
What are the prime factors of 58092?
2, 3, 47, 103
List the prime factors of 2748.
2, 3, 229
List the prime factors of 3285.
3, 5, 73
What are the prime factors of 2966?
2, 1483
List the prime factors of 73343.
71, 1033
What are the prime factors of 15580?
2, 5, 19, 41
What are the prime factors of 91549?
83, 1103
What are the prime factors of 6338?
2, 3169
What are the prime factors of 789?
3, 263
List the prime factors of 4447.
4447
What are the prime factors of 2602?
2, 1301
List the prime factors of 21777.
3, 7, 17, 61
What are the prime factors of 55661?
55661
What are the prime factors of 33956?
2, 13, 653
What are the prime factors of 39554?
2, 19777
What are the prime factors of 42278?
2, 21139
List the prime factors of 1324.
2, 331
What are the prime factors of 1750?
2, 5, 7
What are the prime factors of 15878?
2, 17, 467
List the prime factors of 2799.
3, 311
List the prime factors 